-- phpMyAdmin SQL Dump
-- version 5.2.1
-- https://www.phpmyadmin.net/
--
-- Gép: 127.0.0.1
-- Létrehozás ideje: 2025. Sze 21. 19:49
-- Kiszolgáló verziója: 10.4.32-MariaDB
-- PHP verzió: 8.2.12

SET SQL_MODE = "NO_AUTO_VALUE_ON_ZERO";
START TRANSACTION;
SET time_zone = "+00:00";


/*!40101 SET @OLD_CHARACTER_SET_CLIENT=@@CHARACTER_SET_CLIENT */;
/*!40101 SET @OLD_CHARACTER_SET_RESULTS=@@CHARACTER_SET_RESULTS */;
/*!40101 SET @OLD_COLLATION_CONNECTION=@@COLLATION_CONNECTION */;
/*!40101 SET NAMES utf8mb4 */;

--
-- Adatbázis: `atletika_verseny`
--
CREATE DATABASE IF NOT EXISTS `atletika_verseny` DEFAULT CHARACTER SET utf8mb4 COLLATE utf8mb4_general_ci;
USE `atletika_verseny`;

-- --------------------------------------------------------

--
-- Tábla szerkezet ehhez a táblához `eredmenyek`
--

CREATE TABLE `eredmenyek` (
  `eredmeny_id` int(11) NOT NULL,
  `futam_id` int(11) NOT NULL,
  `versenyzo_id` int(11) NOT NULL,
  `ido` decimal(10,2) DEFAULT NULL,
  `helyezes` int(11) DEFAULT NULL,
  `kvalifikacio_statusz` varchar(50) DEFAULT NULL
) ENGINE=InnoDB DEFAULT CHARSET=utf8mb4 COLLATE=utf8mb4_general_ci;

--
-- A tábla adatainak kiíratása `eredmenyek`
--

INSERT INTO `eredmenyek` (`eredmeny_id`, `futam_id`, `versenyzo_id`, `ido`, `helyezes`, `kvalifikacio_statusz`) VALUES
(301, 201, 101, 9.97, 1, 'tovabbjutott (Q)'),
(302, 201, 107, 10.03, 2, 'tovabbjutott (Q)'),
(303, 201, 103, 10.02, 1, 'tovabbjutott (Q)'),
(304, 202, 102, 9.99, 1, 'tovabbjutott (Q)'),
(305, 202, 108, 10.01, 2, 'tovabbjutott (Q)'),
(306, 203, 104, 9.95, 1, 'tovabbjutott (Q)'),
(307, 203, 106, 9.98, 2, 'tovabbjutott (Q)'),
(308, 204, 104, 9.87, 1, 'tovabbjutott (Q)'),
(309, 204, 103, 9.89, 2, 'tovabbjutott (Q)'),
(310, 205, 105, 9.98, 1, 'tovabbjutott (Q)'),
(311, 205, 106, 10.02, 2, 'tovabbjutott (Q)'),
(312, 206, 110, 9.89, 1, 'tovabbjutott (Q)'),
(313, 206, 101, 10.01, 2, 'tovabbjutott (Q)'),
(314, 207, 104, 9.83, 1, 'donto - arany'),
(315, 207, 105, 9.88, 2, 'donto - ezust'),
(316, 207, 101, 9.93, 3, 'donto - bronz'),
(317, 207, 106, 10.01, 4, 'donto - 4. hely'),
(318, 208, 112, 13.18, 1, 'tovabbjutott (Q)'),
(319, 208, 113, 13.47, 2, 'tovabbjutott (Q)'),
(320, 208, 114, 13.79, 3, 'tovabbjutott (Q)'),
(321, 209, 112, 12.96, 1, 'donto - arany'),
(322, 209, 113, 13.04, 2, 'donto - ezust'),
(323, 209, 114, 13.19, 5, 'donto - 5. hely'),
(324, 210, 115, 49.90, 1, 'tovabbjutott (Q)'),
(325, 210, 116, 50.02, 2, 'tovabbjutott (Q)'),
(326, 210, 117, 50.78, 3, 'tovabbjutott (Q)'),
(327, 211, 115, 48.76, 1, 'donto - arany'),
(328, 211, 116, 49.57, 2, 'donto - ezust'),
(329, 211, 117, 49.69, 3, 'donto - bronz');

-- --------------------------------------------------------

--
-- Tábla szerkezet ehhez a táblához `futamok`
--

CREATE TABLE `futamok` (
  `futam_id` int(11) NOT NULL,
  `verseny_id` int(11) NOT NULL,
  `futam_tipus` varchar(50) NOT NULL,
  `futam_sorszam` int(11) NOT NULL
) ENGINE=InnoDB DEFAULT CHARSET=utf8mb4 COLLATE=utf8mb4_general_ci;

--
-- A tábla adatainak kiíratása `futamok`
--

INSERT INTO `futamok` (`futam_id`, `verseny_id`, `futam_tipus`, `futam_sorszam`) VALUES
(201, 1, 'elofutam', 1),
(202, 1, 'elofutam', 2),
(203, 1, 'elofutam', 3),
(204, 1, 'kozepdonto', 1),
(205, 1, 'kozepdonto', 2),
(206, 1, 'kozepdonto', 3),
(207, 1, 'donto', 1),
(208, 2, 'elofutam', 1),
(209, 2, 'donto', 1),
(210, 3, 'elofutam', 1),
(211, 3, 'donto', 1);

-- --------------------------------------------------------

--
-- Tábla szerkezet ehhez a táblához `versenyek`
--

CREATE TABLE `versenyek` (
  `verseny_id` int(11) NOT NULL,
  `verseny_nev` varchar(255) NOT NULL,
  `helyszin` varchar(255) NOT NULL,
  `datum` date NOT NULL
) ENGINE=InnoDB DEFAULT CHARSET=utf8mb4 COLLATE=utf8mb4_general_ci;

--
-- A tábla adatainak kiíratása `versenyek`
--

INSERT INTO `versenyek` (`verseny_id`, `verseny_nev`, `helyszin`, `datum`) VALUES
(1, 'Férfi 100 méteres síkfutás', 'Budapest', '2023-08-20'),
(2, 'Férfi 110 méteres gátfutás', 'Budapest', '2023-08-21'),
(3, 'Női 400 méteres síkfutás', 'Budapest', '2023-08-23');

-- --------------------------------------------------------

--
-- Tábla szerkezet ehhez a táblához `versenyzok`
--

CREATE TABLE `versenyzok` (
  `versenyzo_id` int(11) NOT NULL,
  `nev` varchar(255) NOT NULL,
  `orszag` varchar(3) NOT NULL COMMENT 'Az ország adatai a https://countryflagsapi.com/svg/hun API-n keresztül elérhetőek',
  `szuletesi_datum` date DEFAULT NULL
) ENGINE=InnoDB DEFAULT CHARSET=utf8mb4 COLLATE=utf8mb4_general_ci;

--
-- A tábla adatainak kiíratása `versenyzok`
--

INSERT INTO `versenyzok` (`versenyzo_id`, `nev`, `orszag`, `szuletesi_datum`) VALUES
(101, 'Christian Coleman', 'USA', '1996-03-06'),
(102, 'Fred Kerley', 'USA', '1995-05-07'),
(103, 'Akani Simbine', 'RSA', '1993-09-21'),
(104, 'Noah Lyles', 'USA', '1997-07-18'),
(105, 'Letsile Tebogo', 'BOT', '2003-06-07'),
(106, 'Zharnel Hughes', 'GBR', '1995-07-13'),
(107, 'Ryiem Forde', 'JAM', '2001-05-03'),
(108, 'Ferdinand Omanyala', 'KEN', '1996-01-02'),
(109, 'Kishane Thompson', 'JAM', '2001-07-17'),
(110, 'Oblique Seville', 'JAM', '2001-03-16'),
(111, 'Usain Bolt', 'JAM', '1986-08-21'),
(112, 'Grant Holloway', 'USA', '1997-11-19'),
(113, 'Daniel Roberts', 'USA', '1997-08-13'),
(114, 'Shunka Izumiya', 'JPN', '2000-01-26'),
(115, 'Marileidy Paulino', 'DOM', '1996-10-25'),
(116, 'Natalia Kaczmarek', 'POL', '1998-01-17'),
(117, 'Sada Williams', 'BAR', '1997-02-01');

--
-- Indexek a kiírt táblákhoz
--

--
-- A tábla indexei `eredmenyek`
--
ALTER TABLE `eredmenyek`
  ADD PRIMARY KEY (`eredmeny_id`),
  ADD KEY `futam_id` (`futam_id`),
  ADD KEY `versenyzo_id` (`versenyzo_id`);

--
-- A tábla indexei `futamok`
--
ALTER TABLE `futamok`
  ADD PRIMARY KEY (`futam_id`),
  ADD KEY `verseny_id` (`verseny_id`);

--
-- A tábla indexei `versenyek`
--
ALTER TABLE `versenyek`
  ADD PRIMARY KEY (`verseny_id`);

--
-- A tábla indexei `versenyzok`
--
ALTER TABLE `versenyzok`
  ADD PRIMARY KEY (`versenyzo_id`);

--
-- Megkötések a kiírt táblákhoz
--

--
-- Megkötések a táblához `eredmenyek`
--
ALTER TABLE `eredmenyek`
  ADD CONSTRAINT `eredmenyek_ibfk_1` FOREIGN KEY (`futam_id`) REFERENCES `futamok` (`futam_id`),
  ADD CONSTRAINT `eredmenyek_ibfk_2` FOREIGN KEY (`versenyzo_id`) REFERENCES `versenyzok` (`versenyzo_id`);

--
-- Megkötések a táblához `futamok`
--
ALTER TABLE `futamok`
  ADD CONSTRAINT `futamok_ibfk_1` FOREIGN KEY (`verseny_id`) REFERENCES `versenyek` (`verseny_id`);
COMMIT;

/*!40101 SET CHARACTER_SET_CLIENT=@OLD_CHARACTER_SET_CLIENT */;
/*!40101 SET CHARACTER_SET_RESULTS=@OLD_CHARACTER_SET_RESULTS */;
/*!40101 SET COLLATION_CONNECTION=@OLD_COLLATION_CONNECTION */;
